s 120 - -21002032213?
21002032333
In base 15, what is 3c56ee6b + 5?
3c56ee71
In base 5, what is 1044120 + 1414022?
3013142
In base 12, what is 1 + -3936a244?
-3936a243
In base 5, what is 140302430 + -22?
140302403
In base 14, what is -8 + 3816c62?
3816c58
In base 12, what is -78 + 29632?
29576
In base 16, what is 2f - -39ec4?
39ef3
In base 4, what is -102212320 - 12013?
-102230333
In base 5, what is -12002131 + 321?
-12001310
In base 9, what is -12 - 4444173?
-4444185
In base 16, what is -4907b1a + -4?
-4907b1e
In base 13, what is -8 + -c10264?
-c1026c
In base 6, what is 112332431 + 12?
112332443
In base 3, what is -10222 - -10222000220?
10221212221
In base 5, what is 2114440400 + -1?
2114440344
In base 8, what is -210614 + 22625?
-165767
In base 16, what is -3433 + -a14d?
-d580
In base 10, what is -2 - 64591215?
-64591217
In base 12, what is -6698 - -7b29?
1451
In base 8, what is -1 + 226625226?
226625225
In base 2, what is 10100101 - 10110001100000000000?
-10110001011101011011
In base 6, what is 512024 + -114?
511510
In base 16, what is 3c1 - 6afa9?
-6abe8
In base 6, what is 1324 - 52112552?
-52111224
In base 12, what is -1a6761 + -7?
-1a6768
In base 10, what is 2 + 7995397?
7995399
In base 7, what is -14240566 - 362?
-14241261
In base 4, what is 1200 + -31012311?
-31011111
In base 5, what is -3333 - 10103?
-13441
In base 15, what is -ed4ac - e6?
-ed5a3
In base 12, what is 25a26b + -7?
25a264
In base 2, what is 10011001100011 - 1001100101?
10001111111110
In base 15, what is -a - 3739?
-3744
In base 7, what is 2 - -235105561?
235105563
In base 2, what is 11011010011111111111 - 10?
11011010011111111101
In base 13, what is 14 + 182ab1?
182ac5
In base 6, what is -3 + 344110455?
344110452
In base 3, what is 11 - 120112021200?
-120112021112
In base 3, what is 22002002102200 + 12?
22002002102212
In base 7, what is -1004 - -34625?
33621
In base 16, what is -cb9633e - -2?
-cb9633c
In base 3, what is 1010110001000122210 + 2?
1010110001000122212
In base 3, what is -11 + 11120021200102001?
11120021200101220
In base 16, what is -10 - -38215f?
38214f
In base 2, what is -1110000011000111111 + -1011001?
-1110000011010011000
In base 5, what is -130121202010 + -10?
-130121202020
In base 9, what is -55757882 - 4?
-55757886
In base 11, what is 2019940 - -5?
2019945
In base 7, what is 3311 - 104123?
-100512
In base 7, what is 11 - -114403531?
114403542
In base 9, what is -34731 + 308?
-34422
In base 13, what is -2 - 73095129?
-7309512b
In base 7, what is 1515114336 + -1?
1515114335
In base 11, what is 54 + 10a843?
10a897
In base 10, what is -3460 + -1144?
-4604
In base 4, what is -1021 - 132012203132?
-132012210213
In base 9, what is -46 + -1004681?
-1004737
In base 10, what is 3 - -3635940?
3635943
In base 8, what is -36 + 1371212?
1371154
In base 14, what is 9 + 34a053?
34a05c
In base 12, what is -41306 + -23?
-41329
In base 9, what is 223 + 1008437?
1008661
In base 12, what is -ab0 + 1207?
317
In base 13, what is -17cb1 - 109c?
-19080
In base 6, what is -30241 + 50420?
20135
In base 15, what is -6 + ca0ab8?
ca0ab2
In base 15, what is 1b3 + 7de96?
7e159
In base 14, what is 944a0 - -3c?
944dc
In base 16, what is -7 - 707603?
-70760a
In base 2, what is -11 - 1001000101011111000111?
-1001000101011111001010
In base 14, what is 0 + 1b92a599?
1b92a599
In base 10, what is -34839640 + -3?
-34839643
In base 8, what is -10137460 - 17?
-10137477
In base 11, what is 34346649 + -1?
34346648
In base 2, what is -11010101100111110110 - 1101111011?
-11010101110101110001
In base 13, what is -2601a8 + -50b?
-2606b6
In base 12, what is 793a4 + 5b0?
79994
In base 7, what is -156215 + -121?
-156336
In base 13, what is 0 + 61873a?
61873a
In base 15, what is -3 + -e0edc?
-e0ee0
In base 5, what is -13 - -1041030201?
1041030133
In base 4, what is -330 - 1301230100?
-1301231030
In base 5, what is 430124243 - 411?
430123332
In base 3, what is -2 + 101112002201010?
101112002201001
In base 8, what is -12 - -142330?
142316
In base 3, what is 11 - 11010220102121?
-11010220102110
In base 9, what is -338344 - 1723?
-341167
In base 10, what is 580212 - -92?
580304
In base 16, what is 3c9f - 1d5?
3aca
In base 3, what is -2012100212211012 + -20?
-2012100212211102
In base 7, what is 1230562463 + 3?
1230562466
In base 9, what is 27680 - -78?
27768
In base 11, what is -3425468 + 11?
-3425457
In base 4, what is 310032323332 + -3?
310032323323
In base 7, what is -10014523 + 6?
-10014514
In base 13, what is 3bc33 - 15?
3bc1b
In base 9, what is -541 + -15723?
-16364
In base 16, what is 24 + 983e54?
983e78
In base 4, what is -130133 - 301332101?
-302122300
In base 7, what is 12 + 16665403?
16665415
In base 10, what is 503748 + -78?
503670
In base 13, what is a - -27414?
27421
In base 8, what is 5 + -11425054?
-11425047
In base 8, what is 10341 + -6403?
1736
In base 3, what is 112020101 - -211002002?
1100022110
In base 4, what is 1220231 + 10100?
1230331
In base 3, what is -1002012 + 20012112?
12010100
In base 6, what is 35 - 1045311210?
-1045311131
In base 13, what is 84bab3c - 1?
84bab3b
In base 10, what is 768 - -47353?
48121
In base 15, what is -5a7 + -1296?
-184d
In base 4, what is 123221133100 - 201?
123221132233
In base 14, what is 6a42 + -172c?
5314
In base 11, what is 1a703 + -a67?
19747
In base 13, what is 4 + -2b9a3083?
-2b9a307c
In base 14, what is 38d9ad - -5?
38d9b4
In base 14, what is -8449dc7 + -4?
-8449dcb
In base 13, what is -1b - -105c74?
105c56
In base 4, what is -10 - 22200213320?
-22200213330
In base 5, what is -201112211 + 31?
-201112130
In base 3, what is -2202 - -20011212100102?
20011212020200
In base 7, what is -51546052 - 30?
-51546112
In base 4, what is -1311 + -2111233322?
-2111301233
In base 13, what is 55933 - -181?
55ab4
In base 12, what is 465bb27 - 5?
465bb22
In base 3, what is 10020111022222 + 2201?
10020111102200
In base 11, what is 28459624 + 5?
28459629
In base 2, what is -11010111010101010110111 - 100100?
-11010111010101011011011
In base 11, what is 43 + -3462a8?
-346265
In base 10, what is -5823579 - 1?
-5823580
In base 2, what is 1001000001111000010 - 1000100?
1001000001101111110
In base 8, what is 20732 + -212?
20520
In base 6, what is -131424 - 503212?
-1035040
In base 16, what is 971c + -86?
9696
In base 3, what is -20020100101011100 + 0?
-20020100101011100
In base 4, what is -11330300 + -222?
-11331122
In base 4, what is 10011210320 + -2?
10011210312
In base 13, what is 2 - 96b336b?
-96b3369
In base 4, what is -311112111 + 301?
-311111210
In base 12, what is 14506 - -648?
14b52
In base 14, what is 3516dc + 5?
351703
In base 6, what is 5200 + 251300?
300500
In base 4, what is -1021330 - 1333?
-1023323
In base 6, what is 1051002 - -313?
1051315
In base 10, what is 238 + -34153?
-33915
In base 16, what is -58 + -9117?
-916f
In base 7, what is -4 + -632445231?
-632445235
In base 6, what is 540401432 + -102?
540401330
In base 9, what is -2 - -54285276?
54285274
In base 9, what is 1575684 - -13?
1575707
In base 9, what is -12601877 - -1?
-12601876
In base 8, what is 67477 + 7?
67506
In base 15, what is -7 + 39eae7?
39eae0
In base 10, what is -4 - -3666469?
3666465
In base 16, what is efdf - -21c0?
1119f
In base 12, what is 5 - 2705a4a?
-2705a45
In base 9, what is 527283641 + 2?
527283643
In base 9, what is 232 + -1067754?
-1067522
In base 6, what is 15405503523 - 1?
15405503522
In base 2, what is -1000101100100 - 110000110110110110?
-110001111100011010
In base 5, what is -204244203 - 210?
-204244413
In base 9, what is 1667288 - 38?
1667250
In base 3, what is -111021100202 - -1222?
-111021021210
In base 10, what is 15 - 13690214?
-13690199
In base 4, what is 122320010311212 + 0?
122320010311212
In base 4, what is 21 + -22102311001?
-22102310320
In base 8, what is -10 + -217725004?
-217725014
In base 8, what is 64 + 12113401?
12113465
In base 13, what is 31b2 + -43?
316c
In base 14, what is -1d525ca + -20?
-1d5260a
In base 6, what is 341225404 - -3?
341225411
In base 15, what is 21802 + 10?
21812
In base 15, what is 13c + -15eb?
-14ae
In base 12, what is -aa29b518 + 4?
-aa29b514
In base 15, what is 9 + 187487?
187491
In base 6, what is 15303401 - 2154?
15301203
In base 5, what is -4 + -3142131222?
-3142131231
In base 8, what is 56015 + 66363?
144400
In base 15, wh